) + 7.
8
Evaluate 0 - (-6 + 4 + (4 - 8)).
6
Evaluate -21 + (-1 + -10 - (-29 + 23)).
-26
Evaluate 44 - (55 - 20) - (2 + (0 - 0)).
7
Calculate 4 - ((0 - 0) + (-13 + 5 - -4)).
8
What is (-2 + -4 - 1) + 23 + -5 + 10?
21
(43 - 20) + -13 + -30
-20
7 + (-2 - (13 - -1 - 21))
12
Calculate -2 + 1 - ((45 - 31) + -17).
2
16 + 29 + (9 - 24 - -6)
36
(-22 - (-1 - 42)) + -21
0
Calculate -1 - -5 - (26 - (61 - 35)).
4
Calculate 1 - 0 - (11 - (6 - -9)).
5
-7 - -11 - (-2 + 1 - -11)
-6
200 + -195 + 0 + -11
-6
-8 + (-5 - -1) + 2 - (-1 + -5)
-4
Calculate 11 + -7 + 4 + (8 - 4).
12
9 + (6 - (-11 + -7 + 27 + 0))
6
Evaluate 1080 + -1097 + -2 + 0.
-19
What is -6 + (-15 - (4 - 19))?
-6
Calculate 54 + -49 + (-28 - -13).
-10
Calculate (-8 - (2 - (8 + -4))) + 18.
12
Calculate 10 + -14 + (-5 - -1 - -33).
25
Evaluate 10 + -8 - -8 - 11 - -11.
10
Calculate -3 - -6 - -5 - 1 - (1 - 7).
13
Calculate 5 + -14 + (-8 - -11) + 32.
26
What is -7 + 5 + -17 + 14 + 7?
2
Evaluate 2 - (-31 - -15 - -33).
-15
44 + -3 + -32 - (-10 - (3 + 1))
23
Evaluate -6 - (0 + 12 + -15 + 9).
-12
What is the value of (-231 - -225 - (-10 - 0)) + -18?
-14
Calculate (6 - (6 - -12)) + 14 - (-6 + 0).
8
What is the value of 4 + 2 + -11 - ((-1 - 2) + 2)?
-4
What is -44 - -44 - (4 - (3 + -11) - 3)?
-9
What is -1 - (-4 + 10 + -1 - (-8 - -23))?
9
Calculate 13 + -17 + 20 + -9.
7
What is the value of -21 + 0 + -357 + 390?
12
Calculate 289 + -306 - (1 - 7).
-11
What is -2 - 1 - (37 + 21 + -56)?
-5
-4 - -19 - (4 + -15)
26
What is -16 + (-11 + 34 + -25 - (0 + 9))?
-27
What is the value of -1 + 6 + -7 + 2 + 1 + 0?
1
Calculate 10 + (-4 - -21) + -11 + -9.
7
What is -21 - -2 - (-15 + -16)?
12
-5 - ((-5 - 1 - -6) + -9)
4
What is the value of -5 + (3 - (-4 + 4) - 9) + 11?
0
8 + 7 - (20 - -15 - 19)
-1
Evaluate -11 - ((1 - -1) + (-97 - -98)).
-14
What is 2 + (-8 - (5 + -15)) + -7?
-3
What is the value of (36 - 28) + -6 + 5 + -8?
-1
5 + -6 - (0 - -2) - (-15 + 0)
12
Evaluate 31 + (43 - 48) + -38.
-12
What is 2 - 3 - (-35 + 28) - 6?
0
Evaluate 6 + 3 + (28 - 46) + 13 - 14.
-10
What is -167 + 172 + (1 - 33)?
-27
Evaluate (1 - 0) + (-90 - -85).
-4
-8 + 9 + 6 - (13 + -6)
0
What is the value of (-1 - 10 - (-67 - -49)) + (-1 - -1)?
7
Calculate -13 + (7 - (-12 + 5 + 3)).
-2
(0 - -5) + -24 + (37 - 23)
-5
What is the value of (11 + -11 - 33) + 15?
-18
Calculate -2 + -32 - (-192 + 162).
-4
Calculate -3 + -4 + 2 - 1 - -5.
-1
What is (-5 - (-1 + 2)) + -33 + (-21 - -38)?
-22
Evaluate (-3 - (-1 - -11)) + 9.
-4
((-3 - -10) + -2 - 3) + (4 - 10)
-4
What is (11 + -2 - -5) + -22?
-8
Calculate (-6 - 0) + (-169 - -163).
-12
Calculate -16 - 0 - (-106 - -104).
-14
What is the value of 7 + 2 + 9 + -17 - (-13 + 1)?
13
Calculate 55 - (11 - -25 - 0).
19
What is the value of 5 + -3 + 19 - 29?
-8
-24 + 22 + 3 + 1 + 4
6
What is the value of (0 + 3 - (-6 - -13)) + 2?
-2
Calculate -6 - (-1 - 0) - (3 - (1 + 5)).
-2
(18 + 10 - 3) + 2 + (-11 - -1)
17
Evaluate -4 + 6 - (4 - (6 - -11)).
15
(0 - (8 - 1)) + 1 - (-162 - -167)
-11
What is 5 + (4 - 6) - -3 - 5?
1
What is 1 - (0 - (-5 - 0)) - (-1918 - -1910)?
4
Calculate 5 - (13 - -14 - 25).
3
Calculate (-1421 - -1433) + (1 - 2) + 1.
12
What is (1 - -5) + (2 - (13 + -4)) + 13?
12
What is the value of (-27 - (17 + -24)) + (0 - -6)?
-14
Evaluate 0 + 1 + -3 + (53 - 67).
-16
(39 - 38) + -1 + 6 - (2 + 3)
1
Evaluate -3 + 1 + 13 + (107 - 116).
2
-5 + 0 - (-3 + -5 - (-2 + -20))
-19
20 - -7 - (4 + 12 - (8 + 0))
19
What is the value of -4 + (8 - (23 + -8)) + 20?
9
Evaluate (-55 - -5) + 58 - (-1 - (-19 + 0)).
-10
What is 1 + -7 + -57 + 59 - -6?
2
2 + (-10 - (-3 - (-14 + 8) - 0))
-11
Calculate 12 + 0 + (-5 - 5) + 59 + -41.
20
What is the value of -28 + 5 + (17 - 5) + -3?
-14
14 - -3 - (-28 + 6 + 17)
22
(20 - (5 + -9)) + (-18 - -10)
16
0 + (9 - 0 - (10 - (-4 - -20)))
15
What is 2 - ((-4 - -17) + -7)?
-4
Evaluate (-34 - -29) + -9 + 4.
-10
Calculate 14 - (12 + 1) - (0 + 1 + -3).
3
What is 5 - 5 - (-22 - (-6 + 4) - -4)?
16
Evaluate 33 - (-14 - (-13 - 10)).
24
Calculate 9 - (-11 - (-2 + 1 + -5 + 1)).
15
Calculate -25 - (19 + -13 - 18).
-13
Calculate -2 - (31 + -37 + (-1 - -4 - 27)).
28
What is the value of -32 + 25 - (-3 - -8)?
-12
Evaluate -10 + (38 - 38) - 22.
-32
Calculate 30 - ((8 - -1) + (0 - (-5 - -6))).
22
What is the value of -445 - -465 - (-2 + 1 - (0 - 1))?
20
Calculate 8 - (5 + -2 + -1) - (24 - 6).
-12
1 + 5 - (-3 - -16 - (-3 + 11))
1
What is the value of -21 + (21 - (-5 + 12) - 9)?
-16
What is 12 - (-21 + (46 - 16))?
3
What is the value of (-5 - -5) + ((-5 - -5) + -7 - -13)?
6
What is the value of (-21 - -21) + 10 - -3?
13
What is 18 + (-6 - (-12 + (-6 - -11)) - 3)?
16
What is -9 - (-17 + 10 + -7)?
5
What is -5 - 0 - ((9 - -1 - 7) + -10)?
2
What is (-16 - 10) + 8 - 9?
-27
What is 1 + (-1 + -8 - -17) - 12?
-3
What is (0 - -7) + (2 - -1) + 0?
10
Calculate 1 + -9 - (-1 - 13) - (-1 - -6).
1
What is (1 - (-20 + 15)) + -10?
-4
What is the value of -4 - ((-2 - 2 - 10) + 0)?
10
(279 - 304) + 1 + -5
-29
What is the value of -8 + -4 + 15 + 8 + (1 - -3)?
15
Calculate 12 + 31 + 36 + -73 + 6 + 0.
12
(-54 + 24 - -42) + -50 + 1
-37
504 + -518 - (-3 + 9)
-20
Calculate 6 + (8 - 0 - (1 + 25 + -7)).
-5
Evaluate -1 - -14 - (-13 + 15 - -17 - 12).
6
What is the value of -1 + 2 + -6 + (-2 - (63 + -46))?
-24
Evaluate -3 - 4 - -4 - -15 - (-12 - -11).
13
What is the value of 11 + -20 + 22 + -11?
2
What is (-12 - -5) + 2 + 5 + -13 + 25?
12
Calculate 7 + -25 + -3 + 29.
8
-12 + 5 + -12 + 24
5
What is (53 - 84 - -6) + (-1 - (1 + 0))?
-27
26 + (9 - 45) + -9
-19
Evaluate -3 - (-1 - (-8 + 12)) - (1 - 12).
13
-69 + 65 - ((-15 - -4) + 3)
4
What is (-7 - -14 - 11) + 0 - (0 - 5)?
1
Evaluate 8 + 0 + 3 - (-88 - -84).
15
Evaluate -8 + (-7 - 4) + 21.
2
-2 + 1 + (17 - 20 - -5) + 3
4
What is the value of 2 - (7 - (5 + -7 - 2))?
-9
Evaluate 1 + (15 - -1) + -14 + (21 - -4).
28
Evaluate -17 + (-31 - (28 + -55)).
-21
Evaluate -5 + (-11 - 9 - -8) + 21.
4
Calculate 1 + (7 - 3) - (-11 + 5 - -6).
5
What is the value of (1150 - 1173) + 0 + 12?
-11
What is the value of (0 - 1) + -18 + 0 + 667 + -671?
-23
-14 + 2 - (163 - 180)
5
(-561 - -601) + (1 - 12)
29
8 + (-2 - 6) + (19 - 26) + -16
-23
Calculate (-6 - (0 + 2)) + 17 + -13.
-4
What is -16 + 12 + (4 - 17)?
-17
What is the value of 4 + (8 - (6 - (1 + -3 + 2)))?
6
Calculate -10 - (-35 + 12 + 1).
12
Calculate -7 - (1 + (4 - 13) + -6).
7
0 - (-24 + (0 - 0) + (-50 - -47))
27
16 - ((-1 - 15) + (-18 - -28))
22
Evaluate (-41 - (18 + -47)) + 0.
-12
Evaluate (-16 - 1) + 6 + 12 + 7.
8
What is the value of 4 - (4 - (-8 - -2)) - (14 + -5)?
-15
Calculate 1 + -1 + (0 - -1) + 5 + -6.
0
(3 - 10) + -4 - -10
-1
Evaluate 31 - (-35 + 13 - -32).
21
Evaluate -8 - (45 - 37 - (-2 + 4)).
-14
(-20 - -2) + -4 - -6
-16
Calculate 17 + (-7 - 7) - 4.
-1
Calculate (-240 - -236) + 2 + 0 + -8.
-10
What is 10 + -3 + 4 + -27?
-16
(1 - -2 - (-57 + 58)) + 4
6
Calculate 1 - (-18 - (-3 + 3)).
19
What is 832 - 836 - (-1 + -26 + 3)?
20
Evaluate (29 - (-1 + 4)) + (-122 - -119) + 3.
26
(3 - 12 - -7) + -2 + 6 + 20
22
Calculate 0 + (-3 - -6) + (-18 - -5).
-10
Calculate 21 - 34 - 22 - (-11 + 0).
-24
(4 + 3 - 7) + (2 - 3 - 8)
-9
Calculate -13 - -8 - (6 - 23 - (-4 - 0)).
8
What is the value of (-5 - (6 + -9 - -3)) + 5 + 7?
7
Evaluate -10 - (-1 + -2 + 0) - 7.
-14
Calculate -1 + 5 + -24 - -24.
4
What is the value of 2 - -10 - (-7 - -9)?
10
What is the value of 231 + -243 - (-1 + -14)?
3
(177 - 190) + (11 - -1) + -14
-15
Evaluate -4 - (4 + -2) - (8 - 5 - 9).
0
Evaluate -195 - -180 - (-2 - 2 - 2).
-9
What is the value of -1 + -8 + (4 - 14)?
-19
What is 4 - 3 - (22 - (7 + -1))?
-15
Evaluate 14 + -7 + (4 - 4 - -9).
16
What is (-5 + 6 + 2 - 4) + 1 + 1?
1
What is the value of 71 + -82 + 22 + 1 - 6?
6
What is the value of -31 + 11 + 23 - (11 + -1 + -3)?
-4
-4 + 3 + 3 + -2 + 10 + -5
5
Evaluate 11 - (1 - (3 + -11 - -8)).
10
Calculate (1 - -9) + (-117 - -113) + (1 - -8).
15
-14 + 2 + -5 + 29
12
Calculate -2 - (16 - ((-1 - 4) + 5)).
-18
-14 - (-5 - 10 - -5)
-4
0 + (7 - (24 - (10 + 6)))
-1
-308 + 326 + -14 + 0
4
What is the value of (-57 - -9) + (51 - 25)?
-22
Calculate 5 + (-8 + 14 - -8) + -33.
-14
Evaluate -2 + -4 + 2 + (-13 - (-14 - -6)).
-9
Evaluate (10 - 6 - -8) + -5 + -6 + 0.
1
What is the value of -45 - -50 - ((0 - -3) + 9)?
-7
Evaluate -17 + (28 - 3) - -7.
15
What is 22 - (7 + 5 + -1